9, -5*i + 79 = 3*z + 22. Suppose z*u = 6*u + 1448. What is the units digit of u?
1
Let r = -171091 + 249860. What is the hundreds digit of r?
7
Let o(p) be the third derivative of -p**6/120 + 11*p**5/60 - p**4/12 - 2*p**3/3 - 20*p**2. Let b be ((-54)/(-4))/9*6. What is the units digit of o(b)?
0
Let y = 1828 - -3835. What is the units digit of y?
3
Let o(u) = -3*u + 18*u**2 + 8*u**2 + 4*u**2 - 2*u**2. What is the tens digit of o(-3)?
6
Let q(x) be the second derivative of 1/3*x**3 - 6*x + 0 - 13/2*x**2 + 1/12*x**4. What is the units digit of q(-9)?
0
Suppose -20*g + 144 = -12*g. Suppose g*z - 2646 = 11*z. What is the hundreds digit of z?
3
Let b(h) = -1861*h**3 + 2*h**2 + 12*h + 11. What is the hundreds digit of b(-1)?
8
Let x(c) = 7*c**2 - 21*c - 4. Let b be x(4). Let m(y) = 7*y - 10*y - 3*y - b. What is the units digit of m(-7)?
8
Suppose 0 = 4*k + 289 - 301. Suppose -13*j - 5219 = -k*p - 8*j, -1723 = -p + 5*j. What is the thousands digit of p?
1
Let x = 147 - 105. Suppose 47*h = x*h + 2860. What is the tens digit of h?
7
Suppose 5*m - 4*n - 424 = 0, -m + 5*n = -55 - 13. Suppose 17*t - 16*t = m. Let p = 12 + t. What is the hundreds digit of p?
1
Suppose 10*b - 41 = -381. Let z = b - -32. What is the tens digit of (-2 + z)/(-4) + 53?
5
Let q(m) = 67261*m + 369. What is the ten thousands digit of q(1)?
6
Suppose 5*k - 3*k = -5*x + 192, -3*k + 188 = 5*x. Let f = x + -40. Suppose f = -z + 241 - 85. What is the hundreds digit of z?
1
Let t(i) = -56*i + 105. Let h be t(6). Let x = 601 + h. What is the hundreds digit of x?
3
Suppose -a - 2*o - 1510 = -8145, 21 = 3*o. What is the tens digit of a?
2
Suppose 4*o - 1421 = -353. Suppose 0 = -g + 3*n + 7 + o, -5*n = -5*g + 1360. Let b = -182 + g. What is the tens digit of b?
8
Let s(x) = -5*x**3 + 91*x**2 - 16*x - 43. Let h be s(18). Let i(t) = -22*t + 150. What is the units digit of i(h)?
4
Let h = 17 + -23. What is the tens digit of (-6)/4*1796/h?
4
Suppose -2*p + 3*r + 132 = -197, p - 3*r = 163. Suppose 3*t + p = 4*t. What is the tens digit of t?
6
Let d(g) = 2*g**3 - 4*g**2 + 2*g. Let o be d(2). Suppose 5*a - 5 = 0, -o*a - 2 = 8*h - 7*h. What is the hundreds digit of (-1119)/h - 7/(-14)?
1
Let v = -4738 - -10855. What is the units digit of v?
7
Suppose 2*l - 15 = 145. Let u = l + -32. Suppose -290 - u = -3*s - 5*q, 2*s = 5*q + 242. What is the hundreds digit of s?
1
What is the hundreds digit of (-42)/(4368/(-1924))*(4188 + (0 - 0))?
4
Suppose -20*k = -16*k - 7469 - 20503. What is the hundreds digit of k?
9
Let f = 180 - 8. Suppose -28 = 4*h + f. Let z = h + 77. What is the tens digit of z?
2
Let f(q) = q**2 + q - 1. Let a be f(2). Suppose -2*y - 3*t = -2677 + 700, 4931 = a*y - 4*t. What is the hundreds digit of y?
9
What is the tens digit of 16393/4 + 1/(-4)?
9
Suppose -2*f + 123628 = 5*c, -8*c + f = -249536 + 51706. What is the thousands digit of c?
4
Let o(h) be the first derivative of 7*h**3/3 - 11*h**2/2 - 4*h + 30. What is the hundreds digit of o(-9)?
6
Let i = -12 - 18. Let x = i - -35. Suppose 5*w - 201 = -3*d, x*d - 1 = 9. What is the tens digit of w?
3
Let t(n) be the third derivative of -n**6/240 - 7*n**5/60 + 5*n**4/8 - 7*n**2. Let f(o) be the second derivative of t(o). What is the units digit of f(-6)?
4
Let x = -436 + 1982. Let b = x - 115. What is the thousands digit of b?
1
Let h(b) = -243*b**3 + 9*b**2 + 39*b + 84. What is the tens digit of h(-3)?
0
Let o(d) = d**3 - 23*d**2 + 40*d - 11. Suppose 3*j = 2*k - 44, 5*j - 9*j = -k + 22. What is the hundreds digit of o(k)?
3
Suppose 180 + 65 = 49*w. Suppose -2*q + 12 = 2*q. Suppose q*p - 104 = -w*i, 0 = p + 2*p + 6. What is the units digit of i?
2
Suppose 0 = -69*m + 78*m - 81. Let v(r) = 39*r - 9. What is the tens digit of v(m)?
4
Let g(h) = 11*h**2 - 26*h - 5. Let z(i) = 5*i**2 - 13*i - 3. Let p(q) = 6*g(q) - 13*z(q). Let b be p(7). Let o = -89 + b. What is the tens digit of o?
6
Let g(n) = -n**2 - 8*n + 2. Let c be g(3). Let z = -33 - c. What is the units digit of z + 60 - (1 + -1)?
8
Let s = -181 + 217. What is the tens digit of (-483)/(-1) - (31 - s)?
8
Let n(r) = 7*r + 20. Suppose 2*g = -3*f - 19, -f - 2 = -2*g - 1. Let c be n(g). Suppose -13 = 5*d - c*d. What is the tens digit of d?
1
Let w = -2014 - -3518. Suppose w = 2*i - 210. What is the hundreds digit of i?
8
Suppose 0 = -3*c + 5*q - 3257, 2*c + 16*q + 2186 = 12*q. Let b = 2458 + c. What is the units digit of b?
9
Let c be (-301)/(-21) + (-4)/(-6). Suppose c*g - 1456 = 11*g. What is the hundreds digit of g?
3
Let o(q) = 1103*q**2 + 4*q - 3. Let g be o(1). Suppose 232 = -2*m + g. What is the hundreds digit of m?
4
Suppose 40 = 8*g - 6*g. Suppose -g*f = -12790 - 4810. What is the tens digit of f?
8
Suppose -71*x + 552018 = -92189 - 389837. What is the hundreds digit of x?
5
Suppose 5*l = 5, 5*k - 32*l - 94239 = -31*l. What is the thousands digit of k?
8
Suppose 0 = -7*f + 8*f - 59. Let o be (-21)/(-14)*8/9*12. Let y = f + o. What is the units digit of y?
5
Let c(x) = 20287*x**3 - 3*x**2 + 109*x - 106. What is the hundreds digit of c(1)?
2
Let t = -82 + 82. Suppose 0*s + 2*z - 9 = -s, t = -2*s + z + 8. Suppose 4*g - s*g = 5*w - 146, 0 = g + w - 146. What is the hundreds digit of g?
1
Let q = 18410 + 2025. What is the hundreds digit of q?
4
Let o be (-1)/(2/(-110)*1). Let z be (-4)/10 - 198/o. What is the tens digit of 6/(-15)*z*10?
1
Let w = 481 - 493. What is the units digit of (-9)/27 + (-8224)/w?
5
Suppose -3*l + 22 = -50. Suppose -705 = -l*a + 3183. What is the units digit of a?
2
Let k(y) = y**3 - 12*y**2 - 15*y + 31. Let q be k(13). Suppose -a + 486 = q*t, t = -0*t - 5*a + 102. Suppose -t = -4*d + 95. What is the units digit of d?
8
Let v = 25 + -20. Let l(d) = -d + 9. Let o be l(v). Suppose -o*w - 59 + 179 = 0. What is the units digit of w?
0
Let g(z) = z**2 + 7*z + 125. Suppose 2*n + 8 = 0, 0 = -44*h + 39*h + 3*n - 133. What is the hundreds digit of g(h)?
7
Let s = 3 - 4. Let q(k) = -474*k**3 + 2*k + 1. Let p be q(s). Suppose p + 177 = 5*w. What is the units digit of w?
0
Let l = 343 - 4918. Let v = 9067 + l. What is the tens digit of v/32 + 6/(-16)?
4
Let f(p) = -p**2 + 9*p + 3. Suppose -13 = 2*x + 5*q, x + 2*q = 6*x - 40. Let o be f(x). Suppose o*g = 17*g + 280. What is the tens digit of g?
7
Let i(o) = -292*o - 1524. What is the thousands digit of i(-38)?
9
Let c = -49 + 51. Suppose 0 = -4*m + c*r + 10, -2*m = 2*m - 5*r - 25. Suppose 5*w + 125 - 471 = 3*p, -w + 5*p + 78 = m. What is the units digit of w?
8
Let q be ((-18)/(-36))/(1/(-2)). What is the tens digit of ((-235)/10)/(q/20)?
7
Suppose 96 = y - 65. Suppose 0 = 6*i - y - 145. Suppose 4*l + 184 = 2*k, -i + 227 = 2*k - 2*l. What is the tens digit of k?
8
Suppose 30 = -4*o - 2*n, -9*o + 4*n = -7*o. What is the hundreds digit of (-15780)/84*(o - 1)?
3
Suppose -166 + 838 = 16*t. Suppose 16808 = t*f - 31*f. What is the hundreds digit of f?
5
Let c(f) = f**3 + 4*f**2 - 2*f - 5. Let r be c(-6). Let n = r + 97. What is the tens digit of n?
3
Let w(f) = -4*f + 3*f**2 + 9*f - 35 + 4*f**2 - 2*f**2. Let k be w(6). Let m = -108 + k. What is the units digit of m?
7
Suppose 2*u - 22 = -2*t, -3*t - 3*u + 36 = u. Suppose 2*m - 3148 = h, -3*m + 856 = -4*h - 3871. Suppose m = t*k + 3*k. What is the units digit of k?
3
Let k be (-25)/45*1*-9. Suppose -2*p = 5*j - 4*p - 10521, 10512 = k*j + p. What is the thousands digit of j?
2
Let w(z) = -415*z - 16. Let i(d) = -28*d**2 + 56*d - 1. Let k be i(2). What is the hundreds digit of w(k)?
3
What is the thousands digit of -1 - -8*(-2)/(48/(-21342))?
7
Let f = 6583 - -5249. What is the hundreds digit of f?
8
What is the units digit of 253184/20 + -26 + (-2)/10?
3
Let i(l) = 38*l - 15. Let b be i(7). Let c = 60 - 59. Suppose -6*y + b = -c. What is the units digit of y?
2
Let s = 4015 + 595. What is the thousands digit of s?
4
Suppose 6444 = 2*m + 4*w, 31*w = -m + 27*w + 3230. What is the hundreds digit of m?
2
Let v(s) = -s + 6. Let o be v(3). Suppose -61 = o*q + 107. Let u = -8 - q. What is the tens digit of u?
4
Suppose -4*y = 2*l + 332, 0 = y - 5*y - 5*l - 344. Let b be 883/(-5) - 16/40. Let z = y - b. What is the units digit of z?
6
Suppose -96*y + 99*y + 45314 = 4*f, 4*y = -5*f + 56689. What is the ten thousands digit of f?
1
Suppose 524*p - 520*p + 5*h = 105148, 3*h - 105148 = -4*p